u(x) = -2*x**2 - 7118*x + 71209. Determine u(10).
-171
Let k(x) = 7*x**2 + 380*x - 1501. Determine k(4).
131
Let q(v) = -2611*v + 33927. What is q(13)?
-16
Let m(u) = -686*u + 2024. Calculate m(4).
-720
Let f(i) = 9098*i + 327697. What is f(-36)?
169
Let q(f) = 16*f**2 + 440*f + 1455. What is q(-4)?
-49
Let q(o) = -2*o**3 + 15*o**2 + 170*o + 10. What is q(7)?
1249
Let q(f) = f**3 - 10*f**2 + 42*f - 36. Give q(9).
261
Let q(u) = 29*u**3 - 11*u**2 - 28*u - 48. Determine q(-5).
-3808
Let t(l) = 45349*l - 589538. What is t(13)?
-1
Let u(d) = -23508*d - 493667. Give u(-21).
1
Let r(m) = 2*m**3 - 387*m**2 + 4*m + 211. Determine r(0).
211
Let u(b) = -22*b**2 + 107*b - 270. Determine u(7).
-599
Let a(q) = q**3 + 137*q**2 - 7543*q + 145. Determine a(42).
-905
Let c(m) = -423*m + 1321. Calculate c(0).
1321
Let u(c) = 24*c**3 - 158*c**2 + 195*c + 127. Determine u(5).
152
Let i(l) = -123*l**2 + 12809*l - 12808. Calculate i(1).
-122
Let j(p) = 64181*p - 192526. Give j(3).
17
Let s(y) = -4*y**3 - 278*y**2 + 167*y + 1081. What is s(-70)?
-809
Let n(m) = 15070*m - 180817. Calculate n(12).
23
Let o(d) = -d**2 - 132*d + 1614. Determine o(-125).
2489
Let n(q) = -37162*q + 37166. What is n(1)?
4
Let y(p) = 4*p**3 + 192*p**2 + 434*p + 11178. What is y(-47)?
-384
Let h(n) = 81*n**2 + 245*n - 231. What is h(1)?
95
Let p(d) = -7*d**2 + 65*d - 38. Give p(8).
34
Let p(s) = 5687*s + 7444300. What is p(-1309)?
17
Let p(b) = -101*b - 26898. What is p(-268)?
170
Let c(m) = -m**2 + 22*m - 223. Calculate c(24).
-271
Let a(z) = -9*z**2 + 2175*z + 15244. Determine a(-7).
-422
Let k(b) = b**3 + 126*b**2 + 850*b + 132. Give k(-7).
13
Let m(j) = -37*j**2 - 83*j + 3020. Calculate m(8).
-12
Let y(m) = 26*m**3 - 9*m**2 - 28*m - 61. Calculate y(-3).
-760
Let x(o) = -2*o**3 - 7*o**2 + 607*o - 1715. Determine x(3).
-11
Let g(h) = -3141*h + 138230. Give g(44).
26
Let n(i) = -i**3 + 7*i**2 - 1065*i + 10946. What is n(10)?
-4
Let z(d) = -871*d - 8435. Calculate z(-10).
275
Let r(k) = -360*k - 224. What is r(5)?
-2024
Let z(y) = -159114*y + 795559. Give z(5).
-11
Let b(u) = -u**2 + 63*u - 1696. Determine b(36).
-724
Let y(w) = w**3 + 167*w**2 + 179*w + 86. Determine y(0).
86
Let t(f) = -16*f**2 + 239*f + 3654. Give t(23).
687
Let g(b) = -2*b**3 + 185*b**2 + 42090*b + 873. What is g(-106)?
25
Let k(g) = g**3 + 46*g**2 + 69*g + 223. What is k(-45)?
-857
Let m(k) = -237*k**2 - 4542*k - 742. Determine m(-19).
-1
Let c(w) = -2085*w**2 + 83396*w + 102. Determine c(40).
-58
Let k(z) = -6*z**2 - 1429*z - 23978. Calculate k(-220).
2
Let b(m) = 4*m**2 + 926*m - 5474. What is b(6)?
226
Let g(j) = 192*j - 549. What is g(13)?
1947
Let a(q) = -13*q**3 - 3*q**2 + 572*q + 2784. What is a(-5)?
1474
Let p(d) = -d**3 - 929*d**2 + 10713*d + 350618. Give p(-940).
-2
Let f(v) = -3*v**3 - 641*v**2 + 57811*v + 263. Calculate f(-282).
-19
Let q(c) = 27*c**3 - 672*c**2 + 3638*c + 67. Determine q(8).
-13
Let q(m) = 54*m**2 + 3444*m + 18739. Give q(-6).
19
Let t(d) = -4*d**3 - 1436*d**2 - 2852*d + 1432. What is t(-357)?
4
Let q(l) = 6700*l - 1996579. Give q(298).
21
Let r(s) = -2*s**3 - 41*s**2 - 161*s + 28. Determine r(-5).
58
Let a(z) = -16*z**2 + 67404*z + 134804. Calculate a(-2).
-68
Let n(l) = 30533*l + 4946348. Give n(-162).
2
Let g(x) = -x**3 + 112*x**2 - 110*x - 520. Give g(111).
-409
Let x(q) = -16358*q + 4645666. Determine x(284).
-6
Let u(s) = s**2 + 287*s + 17535. Calculate u(-193).
-607
Let h(y) = y**2 - 2692*y + 18772. What is h(7)?
-23
Let z(a) = 9*a**2 + 4878*a + 89541. What is z(-19)?
108
Let k(w) = -10*w**2 - 597*w + 6414. Give k(-69).
-3
Let k(p) = 29*p**2 - 3411*p - 53440. Calculate k(-14).
-2
Let t(f) = f**2 + 225*f - 7663. What is t(30)?
-13
Let w(l) = -l**2 - 14*l + 6860. Give w(-93).
-487
Let j(o) = -518*o**2 + 3194*o - 513. Give j(6).
3
Let n(j) = -4*j**2 - 78*j + 1127. Determine n(13).
-563
Let j(g) = 585*g + 17577. What is j(-30)?
27
Let k(x) = 27*x**3 - 394*x**2 + 977*x + 987. What is k(11)?
-3
Let a(g) = g**3 + 78*g**2 + 135*g - 1320. Give a(-76).
-28
Let o(c) = -405338*c + 4458705. Give o(11).
-13
Let x(r) = r**3 + 174*r**2 + 1116*r + 103233. What is x(-171)?
120
Let d(p) = -p**3 + 3*p**2 + 353*p + 2124. Calculate d(-8).
4
Let o(u) = 8*u**3 - 4*u**2 - 1050*u + 1054. Determine o(1).
8
Let a(k) = -141*k - 20683. Calculate a(-146).
-97
Let p(i) = i**3 + 128811*i**2 - 257628*i + 1. What is p(2)?
-3
Let i(f) = f**2 + 5411*f - 5412. Determine i(1).
0
Let m(n) = 6726*n + 195063. Give m(-29).
9
Let h(v) = 4*v**3 - 106*v**2 + 398*v - 130. Calculate h(4).
22
Let j(d) = 4*d**3 - 1344*d**2 + 7927*d - 2196. Determine j(330).
114
Let b(l) = -2*l**3 - 235*l**2 - 612*l - 4246. Give b(-115).
9
Let j(z) = -z**2 + 11*z + 2545. Give j(-34).
1015
Let c(x) = 33*x - 2077. Calculate c(70).
233
Let v(t) = 4*t**3 - 74*t**2 - 106*t - 286. Determine v(20).
-6
Let g(d) = 492*d - 1392. Give g(3).
84
Let x(m) = -1839*m + 162471. Determine x(88).
639
Let d(a) = -a**3 + 2*a**2 + 112*a - 40. Calculate d(13).
-443
Let o(q) = q**3 + 42*q**2 + 166*q - 3295. Determine o(-35).
-530
Let r(p) = 34462*p - 310147. Determine r(9).
11
Let b(m) = -662*m - 9804. Give b(-15).
126
Let g(n) = 1422*n - 6720. Determine g(4).
-1032
Let r(z) = 32897*z - 164505. Give r(5).
-20
Let v(f) = -11*f**3 - 96*f**2 - 519*f - 4013. What is v(-8)?
-373
Let m(k) = 9*k**3 + 3*k**2 + 179*k + 957. What is m(-5)?
-988
Let q(w) = 7*w**2 - 4306*w - 83706. What is q(634)?
-18
Let a(t) = 23*t**2 - 2111*t - 198. What is a(92)?
262
Let f(a) = -3564*a + 605794. Determine f(170).
-86
Let a(m) = -2*m**3 + 74*m**2 + 10425*m - 760. Calculate a(93).
77
Let y(t) = -15*t**2 - 6334*t + 82575. Determine y(13).
-2302
Let r(b) = -18*b**3 + 9*b**2 + 65*b + 93. Give r(-2).
143
Let m(l) = -l**3 - 14*l**2 - 30*l - 157. Give m(-6).
-265
Let j(s) = s**2 + 364*s + 10929. What is j(-33)?
6
Let p(i) = 2934*i - 117211. What is p(40)?
149
Let b(p) = 2252*p + 116757. Give b(-52).
-347
Let b(j) = -j**3 - 2*j**2 + 209*j - 1703. What is b(9)?
-713
Let r(c) = 3*c**2 - 52611*c + 315600. Give r(6).
42
Let w(x) = 550*x + 68241. Determine w(-124).
41
Let x(p) = p**2 - 1808*p + 54896. Determine x(31).
-191
Let f(w) = -2*w**2 - 325*w + 2868. Calculate f(-171).
-39
Let u(y) = -520*y + 13545. Calculate u(26).
25
Let u(t) = 674*t + 11303. Give u(-17).
-155
Let s(p) = -63*p**2 + 9*p + 15. Calculate s(3).
-525
Let b(c) = -2*c**3 + 3077*c**2 - 7728*c + 73734. Give b(1536).
6
Let k(z) = 90*z**2 + 8534*z - 54424. Calculate k(6).
20
Let y(z) = z**3 - 142*z**2 + 5014*z + 99. Calculate y(66).
-33
Let v(w) = 14826*w + 14820. Give v(-1).
-6
Let d(t) = 3*t**2 + 7256*t - 21764. What is d(3)?
31
Let b(j) = -j**2 + 27*j - 258. Determine b(36).
-582
Let s(y) = 14462*y + 101035. Give s(-7).
-199
Let o(h) = -2866685*h + 11466735. Determine o(4).
-5
Let a(z) = z**2 - 252812*z + 52541628. What is a(208)?
-4
Let j(r) = 7*r**3 + 693*r**2 - 2891*r - 730. What is j(-103)?
-9
Let w(n) = n**2 + 49*n - 238057. What is w(464)?
-25
Let q(a) = 1097*a + 24493. What is q(-18)?
4747
Let w(p) = -1511*p + 5481. Determine w(4).
-563
Let d(s) = 12*s**2 - 3101*s + 194631. Determine d(151).
-8
Let t(f) = 20*f**2 + 492*f + 1143. What is t(-22)?
-1
Let v(t) = 14*t**3 - 153*t**2 + 22*t - 158. What is v(11)?
205
Let h(s) = 2510012*s - 5020026. What is h(2)?
-2
Let b(i) = -15*i**2 + 396*i - 1406. Determine b(6).
430
Let y(q) = 2*q**2 + 139*q + 2319. What is y(-41)?
-18
Let y(v) = 2*v**3 - 4*v**2 - 100*v - 3309. Determine y(14).
-5
Let i(m) = 51*m**2 + 4*m - 174. Give i(0).
-174
Let c(k) = 1276*k + 5829. Determine c(-5).
-551
Let t(p) = 3*p**2 + 9766*p - 48902. What is t(5)?
3
Let c(y) = -y**3 + 46*y**2 - 219*y - 101. Give c(41).
-675
Let t(b) = 525*b**2 - 132*b - 133. Give t(-1).
524
Let b(p) = -p**3 - 23*p**2 + 28*p + 663. Determine b(-23).
19
Let a(x) = -3*x**2 + 5059*x + 159716. What is a(-31)?
4
Let v(t) = -138*t**3 + 12*t**2 + 100*t - 229. Calculate v(2).
-1085
Let v(g) = -168*g + 1105. Determine v(6).
97
Let u(z) = 403*z - 788. What is u(2)?
18
Let b(j) = -j**3 + 15*j**2 + 153*j - 57. Determine b(-7).
-50
Let h(l) = 3*l**3 + 20*l**2 + 23*l + 69. Determine h(-7).
-141
Let p(m) = -7*m**3 + 6102*m**2 + 1729*m + 13065. Calculate p(872).
-15
Let p(i) = -2*i**2 - 729*i - 2878. Determine p(-4).
6
Let u(c) = 1176*c - 347801. Calculate u(2